{"id":1887,"date":"2019-10-25T12:59:52","date_gmt":"2019-10-25T09:59:52","guid":{"rendered":"https:\/\/www.emolahti.com\/www\/?page_id=1887"},"modified":"2019-11-21T10:39:45","modified_gmt":"2019-11-21T08:39:45","slug":"scarletin-elaimet","status":"publish","type":"page","link":"https:\/\/www.emolahti.com\/www\/scarletin-elaimet\/","title":{"rendered":"Scarletin el\u00e4imet"},"content":{"rendered":"<div class=\"wpb-content-wrapper\"><p>[vc_row content_placement=&#8221;middle&#8221; css=&#8221;.vc_custom_1571995659564{margin-right: 0px !important;margin-left: 0px !important;padding-bottom: 10px !important;}&#8221;][vc_column parallax=&#8221;content-moving&#8221; parallax_image=&#8221;1890&#8243; width=&#8221;1\/2&#8243; css=&#8221;.vc_custom_1571997956436{margin-top: -60px !important;margin-right: 0px !important;padding-top: 200px !important;padding-right: 0px !important;padding-bottom: 200px !important;}&#8221;][\/vc_column][vc_column width=&#8221;1\/2&#8243; css=&#8221;.vc_custom_1574325584123{padding-top: 80px !important;padding-right: 40px !important;padding-bottom: 80px !important;padding-left: 40px !important;background-color: #ffffff !important;}&#8221;]<div id=\"ultimate-heading-29469ecdea08c90a\" class=\"uvc-heading ult-adjust-bottom-margin ultimate-heading-29469ecdea08c90a uvc-6397  uvc-heading-default-font-sizes\" data-hspacer=\"no_spacer\"  data-halign=\"left\" style=\"text-align:left\"><div class=\"uvc-heading-spacer no_spacer\" style=\"top\"><\/div><div class=\"uvc-main-heading ult-responsive\"  data-ultimate-target='.uvc-heading.ultimate-heading-29469ecdea08c90a h2'  data-responsive-json-new='{\"font-size\":\"\",\"line-height\":\"\"}' ><h2 style=\"--font-weight:theme;margin-bottom:35px;\">Scarletin el\u00e4imet<\/h2><\/div><div class=\"uvc-sub-heading ult-responsive\"  data-ultimate-target='.uvc-heading.ultimate-heading-29469ecdea08c90a .uvc-sub-heading '  data-responsive-json-new='{\"font-size\":\"\",\"line-height\":\"\"}'  style=\"font-weight:normal;\">Caravan-alueen pohjoisreunalta l\u00f6yd\u00e4t Scarletin el\u00e4imet; mm. alpakoita, aaseja, miniponeja, muuli ja lampaita.<\/p>\n<p>El\u00e4imet pit\u00e4v\u00e4t rapsuttelusta ja harjaamisesta.<\/div><\/div>[\/vc_column][\/vc_row][vc_row css=&#8221;.vc_custom_1571912997871{padding-bottom: 120px !important;}&#8221;][vc_column]<style type=\"text\/css\" data-type=\"the7_shortcodes-inline-css\">.photos-carousel-shortcode-id-ad658a5a184445afb8117edcf805469c.owl-carousel .owl-nav div {\n  width: 36px;\n  height: 36px;\n  border-radius: 500px;\n}\n.photos-carousel-shortcode-id-ad658a5a184445afb8117edcf805469c.owl-carousel .owl-nav div:before,\n.photos-carousel-shortcode-id-ad658a5a184445afb8117edcf805469c.owl-carousel .owl-nav div:after {\n  border-width: 0px;\n}\n.photos-carousel-shortcode-id-ad658a5a184445afb8117edcf805469c.owl-carousel .owl-nav div.owl-prev {\n  top: 50%;\n  transform: translateY(calc(-50% + 0px));\n  left: 10px;\n}\n@media all and (-ms-high-contrast: none) {\n  .photos-carousel-shortcode-id-ad658a5a184445afb8117edcf805469c.owl-carousel .owl-nav div.owl-prev {\n    transform: translateY(-50%);\n    margin-top: 0px;\n  }\n}\n.photos-carousel-shortcode-id-ad658a5a184445afb8117edcf805469c.owl-carousel .owl-nav div.owl-prev i {\n  padding: 0px 0px 0px 0px;\n}\n.photos-carousel-shortcode-id-ad658a5a184445afb8117edcf805469c.owl-carousel .owl-nav div.owl-next {\n  top: 50%;\n  transform: translateY(calc(-50% + 0px));\n  right: 10px;\n}\n@media all and (-ms-high-contrast: none) {\n  .photos-carousel-shortcode-id-ad658a5a184445afb8117edcf805469c.owl-carousel .owl-nav div.owl-next {\n    transform: translateY(-50%);\n    margin-top: 0px;\n  }\n}\n.photos-carousel-shortcode-id-ad658a5a184445afb8117edcf805469c.owl-carousel .owl-nav div.owl-next i {\n  padding: 0px 0px 0px 0px;\n}\n.photos-carousel-shortcode-id-ad658a5a184445afb8117edcf805469c.owl-carousel .owl-nav i {\n  font-size: 18px;\n}\n.photos-carousel-shortcode-id-ad658a5a184445afb8117edcf805469c.owl-carousel .owl-nav div:not(:hover) i,\n.photos-carousel-shortcode-id-ad658a5a184445afb8117edcf805469c.owl-carousel .owl-nav div:not(:hover) i:before {\n  color: #ffffff;\n  background: none;\n}\n.photos-carousel-shortcode-id-ad658a5a184445afb8117edcf805469c.owl-carousel .owl-nav div:hover i,\n.photos-carousel-shortcode-id-ad658a5a184445afb8117edcf805469c.owl-carousel .owl-nav div:hover i:before {\n  color: rgba(255,255,255,0.75);\n  background: none;\n}\n.photos-carousel-shortcode-id-ad658a5a184445afb8117edcf805469c .owl-dots {\n  top: calc(100% + 20px);\n  left: 50%;\n  transform: translateX(calc(-50% + 0px));\n}\n@media all and (-ms-high-contrast: none) {\n  .photos-carousel-shortcode-id-ad658a5a184445afb8117edcf805469c .owl-dots {\n    transform: translateX(-50%);\n    margin-left: 0px;\n  }\n}\n.photos-carousel-shortcode-id-ad658a5a184445afb8117edcf805469c .owl-dot {\n  width: 10px;\n  height: 10px;\n  margin: 0 8px;\n}\n.bullets-scale-up.photos-carousel-shortcode-id-ad658a5a184445afb8117edcf805469c .owl-dot:not(.active):not(:hover) span {\n  background: #f5ab4b;\n  -webkit-box-shadow: none;\n  box-shadow: none;\n}\n.bullets-scale-up.photos-carousel-shortcode-id-ad658a5a184445afb8117edcf805469c .owl-dot:not(.active):hover span,\n.bullets-scale-up.photos-carousel-shortcode-id-ad658a5a184445afb8117edcf805469c .owl-dot.active span {\n  background: #e49227;\n  -webkit-box-shadow: none;\n  box-shadow: none;\n}\n.bullets-stroke.photos-carousel-shortcode-id-ad658a5a184445afb8117edcf805469c .owl-dot:not(.active):not(:hover) span {\n  background: #f5ab4b;\n  -webkit-box-shadow: none;\n  box-shadow: none;\n}\n.bullets-stroke.photos-carousel-shortcode-id-ad658a5a184445afb8117edcf805469c .owl-dot:not(.active):hover span {\n  background: #e49227;\n  -webkit-box-shadow: none;\n  box-shadow: none;\n}\n.bullets-stroke.photos-carousel-shortcode-id-ad658a5a184445afb8117edcf805469c .owl-dot.active span {\n  -webkit-box-shadow: 0 0 0 2px #e49227;\n  box-shadow: 0 0 0 2px #e49227;\n}\n.bullets-fill-in.photos-carousel-shortcode-id-ad658a5a184445afb8117edcf805469c .owl-dot:not(.active):not(:hover) span {\n  -webkit-box-shadow: inset 0 0 0 2px #f5ab4b;\n  box-shadow: inset 0 0 0 2px #f5ab4b;\n}\n.bullets-fill-in.photos-carousel-shortcode-id-ad658a5a184445afb8117edcf805469c .owl-dot:not(.active):hover span {\n  -webkit-box-shadow: inset 0 0 0 2px #e49227;\n  box-shadow: inset 0 0 0 2px #e49227;\n}\n.bullets-fill-in.photos-carousel-shortcode-id-ad658a5a184445afb8117edcf805469c .owl-dot.active span {\n  -webkit-box-shadow: inset 0 0 0 20px #e49227;\n  box-shadow: inset 0 0 0 20px #e49227;\n}\n.bullets-small-dot-stroke.photos-carousel-shortcode-id-ad658a5a184445afb8117edcf805469c .owl-dot:not(.active):not(:hover) span {\n  background: #f5ab4b;\n  -webkit-box-shadow: none;\n  box-shadow: none;\n}\n.bullets-small-dot-stroke.photos-carousel-shortcode-id-ad658a5a184445afb8117edcf805469c .owl-dot:not(.active):hover span,\n.bullets-small-dot-stroke.photos-carousel-shortcode-id-ad658a5a184445afb8117edcf805469c .owl-dot.active span {\n  background: #e49227;\n  -webkit-box-shadow: none;\n  box-shadow: none;\n}\n.bullets-small-dot-stroke.photos-carousel-shortcode-id-ad658a5a184445afb8117edcf805469c .owl-dot.active {\n  -webkit-box-shadow: 0 0 0 2px #e49227;\n  box-shadow: 0 0 0 2px #e49227;\n}\n.bullets-ubax.photos-carousel-shortcode-id-ad658a5a184445afb8117edcf805469c .owl-dot span {\n  background: #f5ab4b;\n  -webkit-box-shadow: none;\n  box-shadow: none;\n}\n.bullets-ubax.photos-carousel-shortcode-id-ad658a5a184445afb8117edcf805469c .owl-dot.active span {\n  border-color: #e49227;\n}\n.bullets-ubax.photos-carousel-shortcode-id-ad658a5a184445afb8117edcf805469c .owl-dot:not(.active):hover span {\n  background: #e49227;\n  -webkit-box-shadow: none;\n  box-shadow: none;\n}\n.bullets-etefu.photos-carousel-shortcode-id-ad658a5a184445afb8117edcf805469c .owl-dot span {\n  background: #f5ab4b;\n  -webkit-box-shadow: none;\n  box-shadow: none;\n}\n.bullets-etefu.photos-carousel-shortcode-id-ad658a5a184445afb8117edcf805469c .owl-dot:not(.active):hover span {\n  background: #e49227;\n  -webkit-box-shadow: none;\n  box-shadow: none;\n}\n.bullets-etefu.photos-carousel-shortcode-id-ad658a5a184445afb8117edcf805469c .owl-dot span:before {\n  background: #e49227;\n  -webkit-box-shadow: none;\n  box-shadow: none;\n}\n.accent-gradient .bullets-etefu.photos-carousel-shortcode-id-ad658a5a184445afb8117edcf805469c .owl-dot span:before {\n  background: #e49227;\n  -webkit-box-shadow: none;\n  box-shadow: none;\n}\n@media screen and (max-width: 778px) {\n  .photos-carousel-shortcode-id-ad658a5a184445afb8117edcf805469c.hide-arrows.owl-carousel .owl-nav a {\n    display: none;\n  }\n}\n@media screen and (max-width: 778px) {\n  .photos-carousel-shortcode-id-ad658a5a184445afb8117edcf805469c.reposition-arrows.owl-carousel .owl-nav .owl-prev {\n    top: 50%;\n    transform: translateY(calc(-50% + 0px));\n    left: 10px;\n  }\n  .photos-carousel-shortcode-id-ad658a5a184445afb8117edcf805469c.reposition-arrows.owl-carousel .owl-nav .owl-next {\n    top: 50%;\n    transform: translateY(calc(-50% + 0px));\n    right: 10px;\n  }\n}\n@media screen and (max-width: 778px) and all and (-ms-high-contrast: none) {\n  .photos-carousel-shortcode-id-ad658a5a184445afb8117edcf805469c.reposition-arrows.owl-carousel .owl-nav .owl-prev {\n    transform: translateY(-50%);\n    margin-top: 0px;\n  }\n}\n@media screen and (max-width: 778px) and all and (-ms-high-contrast: none) {\n  .photos-carousel-shortcode-id-ad658a5a184445afb8117edcf805469c.reposition-arrows.owl-carousel .owl-nav .owl-next {\n    transform: translateY(-50%);\n    margin-top: 0px;\n  }\n}\n.photos-carousel-shortcode-id-ad658a5a184445afb8117edcf805469c figure,\n.photos-carousel-shortcode-id-ad658a5a184445afb8117edcf805469c .rollover,\n.photos-carousel-shortcode-id-ad658a5a184445afb8117edcf805469c img,\n.photos-carousel-shortcode-id-ad658a5a184445afb8117edcf805469c .gallery-rollover {\n  border-radius: 0px;\n}\n.photos-carousel-shortcode-id-ad658a5a184445afb8117edcf805469c.enable-bg-rollover .gallery-rollover {\n  background: -webkit-linear-gradient();\n  background: linear-gradient();\n}\n.photos-carousel-shortcode-id-ad658a5a184445afb8117edcf805469c.enable-bg-rollover.hover-scale .rollover:after {\n  background: -webkit-linear-gradient();\n  background: linear-gradient();\n}\n.photos-carousel-shortcode-id-ad658a5a184445afb8117edcf805469c.enable-img-shadow .owl-stage-outer {\n  padding: 14px 0;\n}\n.photos-carousel-shortcode-id-ad658a5a184445afb8117edcf805469c.gallery-shortcode .gallery-zoom-ico {\n  width: 44px;\n  height: 44px;\n  line-height: 44px;\n  border-radius: 100px;\n  margin: -22px 0 0 -22px;\n  border-width: 0px;\n}\n.dt-icon-bg-on.photos-carousel-shortcode-id-ad658a5a184445afb8117edcf805469c.gallery-shortcode .gallery-zoom-ico {\n  background: rgba(255,255,255,0.3);\n  -webkit-box-shadow: none;\n  box-shadow: none;\n}\n.photos-carousel-shortcode-id-ad658a5a184445afb8117edcf805469c.gallery-shortcode .gallery-zoom-ico:before,\n.photos-carousel-shortcode-id-ad658a5a184445afb8117edcf805469c.gallery-shortcode .gallery-zoom-ico span {\n  font-size: 32px;\n  line-height: 44px;\n  color: #ffffff;\n  background: none;\n}<\/style><div class=\"owl-carousel gallery-carousel-shortcode gallery-shortcode dt-gallery-container album-gallery-shortcode dt-owl-carousel-call photos-carousel-shortcode-id-ad658a5a184445afb8117edcf805469c quick-scale-img enable-bg-rollover meta-info-off bullets-small-dot-stroke reposition-arrows dt-icon-bg-off arrows-bg-on dt-arrow-border-on dt-arrow-hover-border-on disable-arrows-hover-bg arrows-hover-bg-on  hover-fade \" data-scroll-mode=\"1\" data-col-num=\"3\" data-wide-col-num=\"3\" data-laptop-col=\"3\" data-h-tablet-columns-num=\"3\" data-v-tablet-columns-num=\"1\" data-phone-columns-num=\"1\" data-col-gap=\"10\" data-stage-padding=\"0\" data-speed=\"600\" data-autoplay=\"true\" data-autoplay_speed=\"6000\" data-arrows=\"true\" data-bullet=\"true\" data-next-icon=\"icon-ar-017-r\" data-prev-icon=\"icon-ar-017-l\" data-img-shadow-size=\"12px\" data-img-shadow-spread=\"3px\"><article class=\"post visible post-1737 attachment type-attachment status-inherit hentry\"><a href=\"https:\/\/www.emolahti.com\/www\/wp-content\/uploads\/2019\/10\/leirinta-6.jpg\" class=\"rollover-click-target rollover dt-pswp-item layzr-bg\" title=\"leirinta-6\" data-dt-img-description=\"\"  data-large_image_width=\"900\" data-large_image_height = \"592\" ><img fetchpriority=\"high\" decoding=\"async\" class=\"preload-me owl-lazy-load aspect\" src=\"data:image\/svg+xml,%3Csvg%20xmlns%3D&#39;http%3A%2F%2Fwww.w3.org%2F2000%2Fsvg&#39;%20viewBox%3D&#39;0%200%20592%20592&#39;%2F%3E\" data-src=\"https:\/\/www.emolahti.com\/www\/wp-content\/uploads\/2019\/10\/leirinta-6-592x592.jpg\" data-srcset=\"https:\/\/www.emolahti.com\/www\/wp-content\/uploads\/2019\/10\/leirinta-6-592x592.jpg 592w\" loading=\"eager\" style=\"--ratio: 592 \/ 592\" sizes=\"(max-width: 592px) 100vw, 592px\" alt=\"\" width=\"592\" height=\"592\"  \/><span class=\"gallery-rollover\"><span class=\"gallery-zoom-ico icomoon-the7-font-the7-zoom-06\"><span><\/span><\/span><\/span><\/a><\/article><article class=\"post visible post-1894 attachment type-attachment status-inherit hentry\"><a href=\"https:\/\/www.emolahti.com\/www\/wp-content\/uploads\/2019\/10\/kotielainpiha-2.jpg\" class=\"rollover-click-target rollover dt-pswp-item layzr-bg\" title=\"kotielainpiha-2\" data-dt-img-description=\"\"  data-large_image_width=\"900\" data-large_image_height = \"592\" ><img decoding=\"async\" class=\"preload-me owl-lazy-load aspect\" src=\"data:image\/svg+xml,%3Csvg%20xmlns%3D&#39;http%3A%2F%2Fwww.w3.org%2F2000%2Fsvg&#39;%20viewBox%3D&#39;0%200%20592%20592&#39;%2F%3E\" data-src=\"https:\/\/www.emolahti.com\/www\/wp-content\/uploads\/2019\/10\/kotielainpiha-2-592x592.jpg\" data-srcset=\"https:\/\/www.emolahti.com\/www\/wp-content\/uploads\/2019\/10\/kotielainpiha-2-592x592.jpg 592w\" loading=\"eager\" style=\"--ratio: 592 \/ 592\" sizes=\"(max-width: 592px) 100vw, 592px\" alt=\"\" width=\"592\" height=\"592\"  \/><span class=\"gallery-rollover\"><span class=\"gallery-zoom-ico icomoon-the7-font-the7-zoom-06\"><span><\/span><\/span><\/span><\/a><\/article><article class=\"post visible post-1897 attachment type-attachment status-inherit hentry\"><a href=\"https:\/\/www.emolahti.com\/www\/wp-content\/uploads\/2019\/10\/kotielainpiha-5.jpg\" class=\"rollover-click-target rollover dt-pswp-item layzr-bg\" title=\"kotielainpiha-5\" data-dt-img-description=\"\"  data-large_image_width=\"900\" data-large_image_height = \"592\" ><img decoding=\"async\" class=\"preload-me owl-lazy-load aspect\" src=\"data:image\/svg+xml,%3Csvg%20xmlns%3D&#39;http%3A%2F%2Fwww.w3.org%2F2000%2Fsvg&#39;%20viewBox%3D&#39;0%200%20592%20592&#39;%2F%3E\" data-src=\"https:\/\/www.emolahti.com\/www\/wp-content\/uploads\/2019\/10\/kotielainpiha-5-592x592.jpg\" data-srcset=\"https:\/\/www.emolahti.com\/www\/wp-content\/uploads\/2019\/10\/kotielainpiha-5-592x592.jpg 592w\" loading=\"eager\" style=\"--ratio: 592 \/ 592\" sizes=\"(max-width: 592px) 100vw, 592px\" alt=\"\" width=\"592\" height=\"592\"  \/><span class=\"gallery-rollover\"><span class=\"gallery-zoom-ico icomoon-the7-font-the7-zoom-06\"><span><\/span><\/span><\/span><\/a><\/article><article class=\"post visible post-1895 attachment type-attachment status-inherit hentry\"><a href=\"https:\/\/www.emolahti.com\/www\/wp-content\/uploads\/2019\/10\/kotielainpiha-3.jpg\" class=\"rollover-click-target rollover dt-pswp-item layzr-bg\" title=\"kotielainpiha-3\" data-dt-img-description=\"\"  data-large_image_width=\"900\" data-large_image_height = \"592\" ><img decoding=\"async\" class=\"preload-me owl-lazy-load aspect\" src=\"data:image\/svg+xml,%3Csvg%20xmlns%3D&#39;http%3A%2F%2Fwww.w3.org%2F2000%2Fsvg&#39;%20viewBox%3D&#39;0%200%20592%20592&#39;%2F%3E\" data-src=\"https:\/\/www.emolahti.com\/www\/wp-content\/uploads\/2019\/10\/kotielainpiha-3-592x592.jpg\" data-srcset=\"https:\/\/www.emolahti.com\/www\/wp-content\/uploads\/2019\/10\/kotielainpiha-3-592x592.jpg 592w\" loading=\"eager\" style=\"--ratio: 592 \/ 592\" sizes=\"(max-width: 592px) 100vw, 592px\" alt=\"\" width=\"592\" height=\"592\"  \/><span class=\"gallery-rollover\"><span class=\"gallery-zoom-ico icomoon-the7-font-the7-zoom-06\"><span><\/span><\/span><\/span><\/a><\/article><article class=\"post visible post-1896 attachment type-attachment status-inherit hentry\"><a href=\"https:\/\/www.emolahti.com\/www\/wp-content\/uploads\/2019\/10\/kotielainpiha-4.jpg\" class=\"rollover-click-target rollover dt-pswp-item layzr-bg\" title=\"kotielainpiha-4\" data-dt-img-description=\"\"  data-large_image_width=\"900\" data-large_image_height = \"592\" ><img decoding=\"async\" class=\"preload-me owl-lazy-load aspect\" src=\"data:image\/svg+xml,%3Csvg%20xmlns%3D&#39;http%3A%2F%2Fwww.w3.org%2F2000%2Fsvg&#39;%20viewBox%3D&#39;0%200%20592%20592&#39;%2F%3E\" data-src=\"https:\/\/www.emolahti.com\/www\/wp-content\/uploads\/2019\/10\/kotielainpiha-4-592x592.jpg\" data-srcset=\"https:\/\/www.emolahti.com\/www\/wp-content\/uploads\/2019\/10\/kotielainpiha-4-592x592.jpg 592w\" loading=\"eager\" style=\"--ratio: 592 \/ 592\" sizes=\"(max-width: 592px) 100vw, 592px\" alt=\"\" width=\"592\" height=\"592\"  \/><span class=\"gallery-rollover\"><span class=\"gallery-zoom-ico icomoon-the7-font-the7-zoom-06\"><span><\/span><\/span><\/span><\/a><\/article><article class=\"post visible post-1898 attachment type-attachment status-inherit hentry\"><a href=\"https:\/\/www.emolahti.com\/www\/wp-content\/uploads\/2019\/10\/kotielainpiha-6.jpg\" class=\"rollover-click-target rollover dt-pswp-item layzr-bg\" title=\"kotielainpiha-6\" data-dt-img-description=\"\"  data-large_image_width=\"900\" data-large_image_height = \"592\" ><img decoding=\"async\" class=\"preload-me owl-lazy-load aspect\" src=\"data:image\/svg+xml,%3Csvg%20xmlns%3D&#39;http%3A%2F%2Fwww.w3.org%2F2000%2Fsvg&#39;%20viewBox%3D&#39;0%200%20592%20592&#39;%2F%3E\" data-src=\"https:\/\/www.emolahti.com\/www\/wp-content\/uploads\/2019\/10\/kotielainpiha-6-592x592.jpg\" data-srcset=\"https:\/\/www.emolahti.com\/www\/wp-content\/uploads\/2019\/10\/kotielainpiha-6-592x592.jpg 592w\" loading=\"eager\" style=\"--ratio: 592 \/ 592\" sizes=\"(max-width: 592px) 100vw, 592px\" alt=\"\" width=\"592\" height=\"592\"  \/><span class=\"gallery-rollover\"><span class=\"gallery-zoom-ico icomoon-the7-font-the7-zoom-06\"><span><\/span><\/span><\/span><\/a><\/article><\/div>[\/vc_column][\/vc_row]<\/p>\n<\/div>","protected":false},"excerpt":{"rendered":"<p>[vc_row content_placement=&#8221;middle&#8221; css=&#8221;.vc_custom_1571995659564{margin-right: 0px !important;margin-left: 0px !important;padding-bottom: 10px !important;}&#8221;][vc_column parallax=&#8221;content-moving&#8221; parallax_image=&#8221;1890&#8243; width=&#8221;1\/2&#8243; css=&#8221;.vc_custom_1571997956436{margin-top: -60px !important;margin-right: 0px !important;padding-top: 200px !important;padding-right: 0px !important;padding-bottom: 200px !important;}&#8221;][\/vc_column][vc_column width=&#8221;1\/2&#8243; css=&#8221;.vc_custom_1574325584123{padding-top: 80px !important;padding-right: 40px !important;padding-bottom: 80px !important;padding-left: 40px !important;background-color: #ffffff !important;}&#8221;][\/vc_column][\/vc_row][vc_row css=&#8221;.vc_custom_1571912997871{padding-bottom: 120px !important;}&#8221;][vc_column][\/vc_column][\/vc_row]<\/p>\n","protected":false},"author":1,"featured_media":0,"parent":0,"menu_order":0,"comment_status":"closed","ping_status":"closed","template":"","meta":{"footnotes":""},"class_list":["post-1887","page","type-page","status-publish","hentry","description-off"],"_links":{"self":[{"href":"https:\/\/www.emolahti.com\/www\/wp-json\/wp\/v2\/pages\/1887","targetHints":{"allow":["GET"]}}],"collection":[{"href":"https:\/\/www.emolahti.com\/www\/wp-json\/wp\/v2\/pages"}],"about":[{"href":"https:\/\/www.emolahti.com\/www\/wp-json\/wp\/v2\/types\/page"}],"author":[{"embeddable":true,"href":"https:\/\/www.emolahti.com\/www\/wp-json\/wp\/v2\/users\/1"}],"replies":[{"embeddable":true,"href":"https:\/\/www.emolahti.com\/www\/wp-json\/wp\/v2\/comments?post=1887"}],"version-history":[{"count":6,"href":"https:\/\/www.emolahti.com\/www\/wp-json\/wp\/v2\/pages\/1887\/revisions"}],"predecessor-version":[{"id":2144,"href":"https:\/\/www.emolahti.com\/www\/wp-json\/wp\/v2\/pages\/1887\/revisions\/2144"}],"wp:attachment":[{"href":"https:\/\/www.emolahti.com\/www\/wp-json\/wp\/v2\/media?parent=1887"}],"curies":[{"name":"wp","href":"https:\/\/api.w.org\/{rel}","templated":true}]}}